tor of 17 and 2227.
17
Calculate the greatest common factor of 1145 and 5.
5
What is the greatest common divisor of 12 and 2736?
12
Calculate the greatest common factor of 988 and 26.
26
What is the highest common factor of 10 and 1175?
5
What is the highest common divisor of 1208 and 755?
151
Calculate the greatest common factor of 99 and 9999.
99
What is the greatest common divisor of 57 and 95?
19
Calculate the highest common divisor of 434 and 364.
14
Calculate the greatest common factor of 32 and 368.
16
What is the greatest common divisor of 91 and 26?
13
Calculate the greatest common factor of 28 and 602.
14
What is the greatest common factor of 11940 and 20?
20
What is the highest common factor of 312 and 16?
8
Calculate the highest common factor of 2627 and 71.
71
What is the highest common divisor of 135 and 108?
27
Calculate the greatest common divisor of 90 and 6192.
18
What is the greatest common factor of 118 and 1003?
59
What is the highest common divisor of 81 and 432?
27
What is the highest common factor of 2150 and 150?
50
What is the greatest common factor of 24 and 78?
6
What is the greatest common factor of 792 and 55?
11
Calculate the greatest common factor of 1936 and 64.
16
Calculate the highest common divisor of 72 and 240.
24
Calculate the highest common factor of 18 and 158346.
18
Calculate the highest common divisor of 33 and 297.
33
What is the highest common factor of 393 and 6?
3
Calculate the highest common divisor of 54 and 783.
27
Calculate the greatest common factor of 450 and 18.
18
Calculate the highest common divisor of 20 and 172.
4
What is the highest common factor of 68 and 136?
68
What is the greatest common divisor of 6 and 114?
6
Calculate the highest common divisor of 4290 and 385.
55
Calculate the greatest common divisor of 28875 and 231.
231
What is the highest common factor of 120 and 390?
30
Calculate the greatest common divisor of 12 and 564.
12
What is the greatest common divisor of 1276 and 232?
116
What is the greatest common divisor of 54 and 351?
27
Calculate the highest common divisor of 10785 and 3.
3
Calculate the greatest common divisor of 36 and 16.
4
Calculate the greatest common factor of 2752 and 129.
43
Calculate the greatest common divisor of 366 and 183.
183
What is the greatest common factor of 78 and 1807?
13
What is the highest common divisor of 896 and 5936?
112
What is the greatest common divisor of 84 and 24276?
84
What is the greatest common factor of 154 and 88?
22
What is the greatest common divisor of 285 and 2033?
19
What is the greatest common divisor of 16 and 400?
16
Calculate the highest common divisor of 73 and 511.
73
Calculate the highest common divisor of 119 and 14.
7
Calculate the highest common divisor of 100 and 8.
4
What is the greatest common factor of 16 and 592?
16
Calculate the highest common factor of 12 and 18366.
6
What is the highest common divisor of 5917 and 485?
97
What is the greatest common factor of 352 and 1312?
32
Calculate the greatest common divisor of 530 and 10.
10
What is the greatest common divisor of 180 and 1206?
18
Calculate the greatest common factor of 21 and 10311.
21
What is the greatest common factor of 475 and 10?
5
What is the highest common factor of 917 and 262?
131
What is the highest common divisor of 40215 and 105?
105
What is the highest common factor of 835 and 10?
5
Calculate the highest common factor of 15498 and 243.
27
What is the greatest common divisor of 133 and 4541?
19
Calculate the greatest common factor of 53761 and 37.
37
What is the greatest common divisor of 2065 and 35?
35
What is the highest common factor of 13 and 832?
13
Calculate the greatest common factor of 81 and 3.
3
Calculate the highest common divisor of 39 and 1287.
39
Calculate the highest common factor of 357 and 153.
51
What is the greatest common factor of 4 and 196?
4
Calculate the greatest common divisor of 2875 and 69.
23
Calculate the highest common factor of 2641 and 417.
139
Calculate the highest common divisor of 2 and 76.
2
Calculate the highest common divisor of 162 and 378.
54
What is the greatest common divisor of 75 and 425?
25
Calculate the highest common factor of 160 and 1110.
10
What is the highest common divisor of 2995 and 10?
5
Calculate the greatest common divisor of 129 and 939.
3
What is the greatest common divisor of 31 and 682?
31
What is the greatest common divisor of 126 and 66?
6
What is the highest common divisor of 460 and 4876?
92
Calculate the greatest common divisor of 33 and 48.
3
What is the greatest common factor of 72 and 936?
72
Calculate the highest common factor of 350 and 100.
50
Calculate the greatest common divisor of 228 and 24.
12
Calculate the highest common divisor of 550 and 3058.
22
Calculate the highest common divisor of 282 and 611.
47
Calculate the highest common divisor of 777 and 357.
21
Calculate the greatest common divisor of 90 and 695.
5
What is the highest common divisor of 64 and 3232?
32
What is the highest common factor of 7460 and 20?
20
Calculate the highest common factor of 5106 and 621.
69
Calculate the highest common divisor of 1679 and 146.
73
Calculate the highest common divisor of 1 and 2209.
1
What is the greatest common divisor of 286 and 52?
26
What is the highest common divisor of 14 and 1470?
14
Calculate the highest common factor of 460 and 160.
20
Calculate the highest common factor of 9614 and 44.
22
What is the highest common factor of 235 and 45?
5
What is the greatest common factor of 621 and 27?
27
What is the highest common divisor of 396 and 176?
44
What is the greatest common factor of 6 and 762?
6
Calculate the highest common factor of 48 and 208.
16
What is the greatest common divisor of 13 and 35?
1
What is the highest common factor of 85 and 119?
17
Calculate the greatest common factor of 2641 and 19.
19
What is the highest common divisor of 7960 and 120?
40
Calculate the greatest common factor of 196 and 4508.
196
Calculate the highest common factor of 481 and 13.
13
Calculate the highest common factor of 5843 and 1.
1
What is the highest common divisor of 20 and 790?
10
Calculate the highest common divisor of 348 and 20.
4
What is the highest common divisor of 2 and 1579?
1
Calculate the highest common divisor of 156 and 36.
12
Calculate the greatest common divisor of 648 and 18.
18
What is the greatest common factor of 253 and 92?
23
What is the greatest common divisor of 60 and 312?
12
Calculate the greatest common factor of 12 and 8.
4
Calculate the highest common factor of 133 and 133.
133
Calculate the greatest common factor of 3069 and 18.
9
What is the highest common factor of 12 and 39216?
12
What is the highest common divisor of 1267 and 2353?
181
What is the greatest common factor of 568 and 2627?
71
Calculate the greatest common factor of 11670 and 60.
30
Calculate the highest common factor of 3270 and 42.
6
What is the greatest common divisor of 9 and 567?
9
Calculate the highest common factor of 930 and 558.
186
Calculate the greatest common divisor of 1080 and 1320.
120
What is the highest common factor of 74 and 37?
37
What is the greatest common divisor of 2322 and 189?
27
What is the highest common factor of 80 and 208?
16
Calculate the greatest common divisor of 42 and 7602.
42
What is the highest common factor of 34 and 85?
17
Calculate the highest common factor of 12630 and 60.
30
What is the greatest common factor of 7317 and 54?
27
Calculate the highest common divisor of 256 and 992.
32
Calculate the highest common factor of 104 and 1014.
26
What is the highest common factor of 47985 and 105?
105
What is the highest common factor of 3 and 201?
3
What is the greatest common divisor of 1719 and 9?
9
Calculate the highest common factor of 294 and 63.
21
Calculate the highest common factor of 1 and 6250.
1
What is the greatest common divisor of 48 and 696?
24
Calculate the greatest common divisor of 20 and 980.
20
What is the highest common divisor of 182 and 5369?
91
Calculate the greatest common divisor of 50 and 1010.
10
Calculate the greatest common factor of 176 and 11.
11
Calculate the greatest common divisor of 4 and 1172.
4
What is the greatest common divisor of 30 and 1920?
30
Calculate the highest common divisor of 3